4 - 3251. What is the remainder when g is divided by 21?
16
Suppose -1286 = -9*m - 458. Calculate the remainder when m is divided by 34.
24
Suppose -3*u + 0*u = -987. Calculate the remainder when u is divided by (2 - (-138)/3) + (-49)/(-7).
54
Let y = 14 + -120. Let q = y - -126. What is the remainder when 56 is divided by q?
16
Let v(n) = n**3 + 10*n**2 - 13*n - 7. Let a be v(-12). Let l = -41 - a. What is the remainder when l is divided by 50?
48
Let d(k) = -3*k**3 + 79*k**2 - 28*k + 91. Calculate the remainder when d(26) is divided by 23.
16
Suppose 4*f - 60 = -0*f. Let d = 21 - f. Calculate the remainder when 17 is divided by d.
5
Suppose -2 = -h, 39*r + h = 37*r + 64. Calculate the remainder when 80 is divided by r.
18
Let p be ((-12)/(-10))/(24/40). Suppose p*n + 11 = 47. Calculate the remainder when 105 is divided by n.
15
Calculate the remainder when 47 is divided by -5 + 174/24*4.
23
Let h = -212 + 222. What is the remainder when 88 is divided by h?
8
Suppose 7*s - 84 - 49 = 0. Calculate the remainder when 73 is divided by s.
16
Suppose -3*d - 162 = 2*h, 0*d + 242 = -3*h - 5*d. What is the remainder when h/2*(-8)/8 is divided by 23?
19
Suppose -8*l + 280 = -4*l. Calculate the remainder when l is divided by 6.
4
Let d(v) = 3*v + 23. Calculate the remainder when 47 is divided by d(-3).
5
Suppose -7*v + 11 = -10. Suppose z + v*s - 117 = 0, -137 - 93 = -2*z - 4*s. Calculate the remainder when z is divided by 19.
16
Suppose -54 = -3*i - y, 0 = -2*i + 3*i - 2*y - 11. Suppose 4*j = 59 + 57. What is the remainder when j is divided by i?
12
Suppose 734 = 7*a + 272. Calculate the remainder when a is divided by 8.
2
Let x be 8 + -1 + 3/3. Let j be (5 - 23)/(0 + 1 - 3). Suppose -43 = -j*v + x*v. What is the remainder when v is divided by 23?
20
Suppose 27*a - 26*a = 404. What is the remainder when a is divided by 17?
13
Suppose 37 + 4 = 3*u + 5*i, 9 = 3*u - 3*i. Let y(c) = -2*c - 2. Let v be y(2). Calculate the remainder when 15 + (-3)/((-9)/v) is divided by u.
6
Let n = 48 - 21. Suppose 0 = -2*c + 2*d - 7 + 29, -5*d = 3*c - 25. What is the remainder when n is divided by c?
7
Let z(h) = -h**3 + 6*h**2 + 8*h + 9. Let g be z(7). Suppose g = 7*v + v. Suppose 22 = v*c + 8. What is the remainder when 40 is divided by c?
5
Let v be (-2)/(-6) + (-226)/(-6). Let g = v - 17. Let r = 23 - g. Calculate the remainder when 7 is divided by r.
1
What is the remainder when (56/6 - 8)*-6 + 241 is divided by 59?
56
Suppose -8 = -4*j, 6*j = -q + 5*j + 13. Let c be (-88)/(-6)*6/(-4). Let m = c - -40. Calculate the remainder when m is divided by q.
7
Calculate the remainder when 27/24*478 + (-14)/(-56) is divided by 15.
13
Suppose -13 = 5*g - 3*p, 3*g + 3*p = 6*g + 3. Suppose 3*x - 39 = -3*r, -2*x - 5*r + 5 = -27. What is the remainder when 0 - -1 - (g - 14) is divided by x?
9
Let d(k) = -4*k + 43. Let p be d(-10). Suppose -p = -5*w + a, 0*a + 74 = 4*w + 3*a. What is the remainder when 65 is divided by w?
14
Let x = 9 + -1. Let z(r) = -2*r + 10. Let l be z(5). Suppose l*p = -8*p + 104. What is the remainder when p is divided by x?
5
Let t be 1512/(-33) - (-2)/(-11). Let p = t - -51. Calculate the remainder when 8 is divided by p.
3
What is the remainder when 250 is divided by ((1 + 27)/2)/(482/3133)?
68
Let g = -17 - -37. Calculate the remainder when 111 is divided by g.
11
Suppose 76 = 2*c - 2*l, -4*c + 189 - 73 = 5*l. What is the remainder when c is divided by (45/(-6))/5*-12?
16
Let u(x) = -x**2 + 26*x + 90. Let j be u(29). Suppose 3*d = -2*d + 45. Let l = d - j. What is the remainder when 9 is divided by l?
3
Let d(s) = s + s**2 + 3*s - 7 - 4*s + s. Suppose 21 + 59 = 2*j + 3*k, -j = k - 39. What is the remainder when j is divided by d(4)?
11
Suppose 3*d = -3*h - 0 - 3, 3*h - 29 = 5*d. Suppose -h*u + 14 = v, -v - 4*u - 1 = -10. Calculate the remainder when v is divided by 15.
14
Let c(s) = 21*s**2 - 3*s - 1. Calculate the remainder when 33 is divided by c(1).
16
Let z = -8 + 2. What is the remainder when 10 - ((-6)/5)/(z/15) is divided by 5?
2
Let w = -8 + 8. Suppose -4*n = 3*b + 15, -3*n + 2*b - 2 - 22 = w. Let c = 13 + n. What is the remainder when 27 is divided by c?
6
Suppose 305 = 9*a - 4*a. Let q = -22 - -1. Let m = q + 42. Calculate the remainder when a is divided by m.
19
Let c(z) = z + 10. Let u be c(-12). Calculate the remainder when 51 is divided by (u/2)/((-9)/117).
12
Let l(o) = 2*o**2 + 3. Calculate the remainder when l(-3) is divided by 5.
1
Suppose 54 = 6*m - 3*m. Suppose 0 = 3*c + 9, 3*c + 45 = 4*h - 120. What is the remainder when h is divided by 7/((5/4)/(45/m))?
11
Let v = -122 + 126. Suppose r + 5*d = 29, 2*r + 2*d - 13 = 5. What is the remainder when r is divided by v?
0
Let h(n) = -2*n - 10. Let z(d) = -d - 7. Let x(a) = 5*h(a) - 7*z(a). Let g be x(-2). Suppose 0 = g*l - 382 + 72. What is the remainder when l is divided by 16?
14
Let u(n) = n**3 - 5*n**2 - 41*n + 14. What is the remainder when u(12) is divided by 41?
38
Suppose h = 61 + 78. Suppose 0 = -v + 2, -3*d - 2*d + h = 2*v. Suppose -4*j + d = -5. Calculate the remainder when 29 is divided by j.
5
Suppose -3*s = 5*z - 176, 6*s - 5*s + 3 = 0. Calculate the remainder when 108 is divided by z.
34
Suppose 3*p - 24 = 24. Suppose -p*m = -20*m + 44. What is the remainder when 53 is divided by m?
9
Let a = -150 + 262. Calculate the remainder when a is divided by 6.
4
Let y = 8 + -2. Suppose m + 2*x = 0, 2*m - 5*m + x + 14 = 0. Suppose 6*g - m*g = 54. Calculate the remainder when g is divided by y.
3
Calculate the remainder when 111 is divided by (-7)/28*-34 - 1/2.
7
Calculate the remainder when 102 is divided by (10/(-6) - 1)*(-27)/4.
12
Suppose 0 = -2*x + 44 - 6. Suppose 65 = 2*s - x. Calculate the remainder when s is divided by 15.
12
Let z(q) = 5*q - 4. Let w(n) = 5*n - 5. Let t(y) = -3*w(y) + 4*z(y). Let v be t(1). Suppose v*o = 107 + 1. What is the remainder when o is divided by 7?
6
Let t(g) = -g**2 - 4*g - 4. Let u be t(-6). Suppose -y = 3*n - 6, 4*n - 118 = -5*y - 66. What is the remainder when (1 - u)/((-2)/(-4)) is divided by y?
10
Let r(v) = 3*v + 57. What is the remainder when 51 is divided by r(-12)?
9
Let r(g) = -g**2 - 12*g - 10. Let v be r(-10). Let o = -5 - -15. Calculate the remainder when ((-32)/(-10) - 2/v) + 16 is divided by o.
9
Suppose -2*g + 13 + 1 = 0. Suppose -8 = 3*h - g*h. What is the remainder when 5 is divided by h?
1
What is the remainder when (2 - 6/1) + (-285)/(-5) is divided by 14?
11
Let b(p) be the third derivative of p**4/24 + p**2. Let h = -357 - -361. What is the remainder when 10 is divided by b(h)?
2
Let u = 23 - 14. Let g(v) = v**3 - 10*v**2 + v - 8. Let z be g(10). Suppose 2*s - z = 4. Calculate the remainder when u is divided by s.
0
Suppose 4*q - 235 + 231 = 0. What is the remainder when 10 is divided by q?
0
Suppose -197 = -5*l + 4*q, 3*l - 4*q - 33 = 2*l. Calculate the remainder when 1136/(20/(-5))*-1 is divided by l.
38
Let j(s) = -s**3 - 13*s**2 - 19*s - 18. What is the remainder when j(-12) is divided by 36?
30
Let q = 25 + -42. Let z = q + 51. Calculate the remainder when 167 is divided by z.
31
Suppose 339 - 456 = -3*x. Calculate the remainder when 386 is divided by x.
35
Suppose 2*f + 2 = 3*f. Let r = -57 + 61. Suppose 4 - 24 = -r*h. Calculate the remainder when h is divided by f.
1
Let h be (-6)/(-9) - (-1018)/3. Suppose 9*k - h = 5*k. Calculate the remainder when k is divided by 29.
27
Suppose 20 = -2*z + 4*y, z = -3*y - 2 - 3. What is the remainder when (12/9)/(z/(-276)) is divided by 17 - (-1 + 2)/1?
14
Let s(q) = -2*q + 8. Let o be s(0). Suppose -n + o = -46. Let z = 42 - 28. What is the remainder when n is divided by z?
12
Let z(d) = 2*d**2 - 21*d + 17. Calculate the remainder when z(-7) is divided by 53.
50
Calculate the remainder when 16 is divided by (16/200*10)/((-1)/(-15)).
4
Let a(b) = 91*b - 49. What is the remainder when a(2) is divided by 17?
14
Let p(f) = 12*f - 45. Let c(m) = 2*m**2 - 53*m + 32. Let g be c(26). Calculate the remainder when 70 is divided by p(g).
16
Let m(p) be the first derivative of p**2/2 + 26*p + 42. What is the remainder when m(0) is divided by 10?
6
Suppose -2335 - 329 = -12*u. What is the remainder when u is divided by 25?
22
Let h(z) = z**2 + 23*z + 260. What is the remainder when 404 is divided